.
14
-40 + 33 - (-1 + -9) - (-1 - -2)
2
Evaluate (35 - 32) + 0 + 3 - (-1 + -7).
14
-10 - (28 - (-14 - -27)) - -13
-12
(5 - (0 + 7)) + (1 - -3) + 2
4
Evaluate -20 - (-10 - -4 - 9) - 35.
-40
What is the value of -20 + (6 - ((-4 - -11) + -7 + 0))?
-14
What is (-20 + 24 - 23) + 48 - (1 - 2)?
30
Evaluate -5 - ((0 - -11) + -2 + -1).
-13
Evaluate (-22 - -9 - -14) + -5.
-4
Evaluate 3 - 3 - (-7 - -10) - (-1 + -8).
6
6 - (0 - (-3 - (1 + 0 + 14)))
-12
Evaluate (5 + -20 - -19) + -22.
-18
Evaluate -18 + 30 + -13 + -7.
-8
What is (22 - (13 + 16)) + 0?
-7
7 - (-16 + (16 - 3))
10
What is the value of -557 + 543 + (-1 - -30)?
15
Evaluate 9 + -42 + 33 + 7.
7
Calculate (-2 - 13) + (9 - (-24 + 23)).
-5
1 + -2 + 10 + 4 + -1
12
What is the value of 1 + 0 - (-22 + 5 - -1)?
17
Evaluate 0 + (-23 + 24 - (-6 - -1)) - -1.
7
Evaluate -5 + 3 - (41 + -10 - 27).
-6
Calculate 2 - (-2 + (-12 - -24) + 4).
-12
What is the value of -10 - (23 - (-45 - -76))?
-2
What is the value of 9 - (-1 - (-4 + 9 - 28))?
-13
Evaluate (4 - 0) + (-1 - (9 + (12 - 11))).
-7
Evaluate 0 - (-9 + 21 + -3) - 11.
-20
Evaluate -6 + 9 + -4 + -1 - (9 - 0).
-11
What is -15 - (1 - (-7 + (4 - -12))) - -7?
0
What is -4 + 25 + -5 - (41 - -7)?
-32
-9 + 1 + 19 + -18 + (-20 - 1)
-28
Calculate (-13 - -17) + -9 + 4 + -1.
-2
-28 + (13 - 1) + -53 + 42 + 1
-26
Evaluate (17 - (3 + -2)) + -207 + 197.
6
What is -21 - -11 - (-1 + 0 + 1 - 7)?
-3
Evaluate 0 - (9 + -4) - (-5 + 0 - -5).
-5
Calculate -1 + -19 + 39 + 0.
19
Evaluate (40 - 30) + -18 + -17.
-25
What is the value of (-6 - (-6 + 4)) + (7 - (-4 + -7))?
14
Evaluate -21 + (10 - (1 + -1)) - -9.
-2
What is (-19 - -3) + (374 - 374)?
-16
0 + -9 - (247 + -225)
-31
What is the value of 32 + (-21 - 17 - -21)?
15
Evaluate 2 + 6 + 8 + -15 - 1.
0
What is the value of 0 + 0 - (3 + (0 - 10) + 9)?
-2
12 - 0 - (26 - (5 - -23))
14
(5 - 2) + -11 + 41 + -21 - -6
18
Evaluate -1 - 6 - (-8 + (3 - -14)).
-16
(3 - 13) + (29 - ((5 - 4) + 7))
11
What is the value of -1 + (19 - -8 - 10)?
16
What is the value of (-7 - (7 + -24)) + (-4 + 13 - 6)?
13
What is the value of 3 - 2 - 20 - (236 + -276)?
21
What is (-8 - -11) + (6 - (1 + -1))?
9
Calculate -9 - ((-4 - (-1 + 25)) + (32 - 32)).
19
What is 10 - (15 + (-3 - 6))?
4
10 - -4 - (2 + -5 + -5 + 12)
10
What is the value of -49 + 63 + 4 + (-2 - (5 - 8))?
19
Evaluate 17 + (-24 - (-28 - 9)).
30
What is the value of (-34 - (-61 + 21)) + 0 + -12 - -4?
-2
Calculate -9 - 0 - (-3 + 16).
-22
Calculate -8 + (11 - -1) + (-2 - -3).
5
What is (60 - 67) + (0 + 2 - 3)?
-8
Calculate -56 + 15 + 6 - -20.
-15
Evaluate -4 - (2 + 5) - (0 - -7).
-18
6 + (-1 - (1 + -15 + -49 + 58))
10
What is the value of (6 + -12 - -38) + -1?
31
Calculate 15 + (-25 - -31 - 13).
8
Evaluate 2 - (-9 + (39 - 14) - 8).
-6
Calculate (-12 - -2) + -13 + (16 - -5).
-2
Calculate 1 + -35 - (27 - (22 - (-6 + -1))).
-32
(0 + 3 - 3) + (-11 - 6 - 0)
-17
Calculate (2 - (0 + -1)) + -144 + 147 - 9.
-3
Calculate 3 - -4 - (2 - (14 + -9) - 0).
10
-21 + -4 + 26 - (-2 - -10)
-7
What is 1 - (-3 - -3) - 8 - (-55 + 62)?
-14
Evaluate 8 + (3 - 20) + 18.
9
What is the value of 14 - (-8 + 12 + 16)?
-6
What is (-5 - 3 - -15) + (-4 - -6 - 22)?
-13
What is the value of (312 - 321) + 0 + 0?
-9
What is the value of (27 + -2 - 20) + -11 + 2 + -6?
-10
What is -3 + (3 + (3 - -9) - (-13 - -19))?
6
Evaluate 18 + 24 - (-10 - -43).
9
What is (2 - ((-11 - 4) + 21)) + -2?
-6
Calculate -18 - (-19 + 13 + 2 + -3) - -29.
18
Evaluate 23 + 2 + -78 + 75.
22
What is -2 - (0 - -2) - -10 - 13 - 6?
-13
Evaluate -355 + 362 + (-1 - 19 - 0).
-13
916 - 904 - ((-2 - -3) + 21)
-10
What is the value of (3 - (7 - 3 - -4 - -1)) + 6?
0
Calculate -2 - (1 + 10 + -20).
7
Calculate 12 + ((-15 - -4) + 17 - 55).
-37
Evaluate (15 - (8 - 4)) + -43 + -17 + 71.
22
What is the value of 3 + -8 - (0 + (-1 - -14)) - 9?
-27
What is the value of 26 + (-5 + 20 + 0 - 12)?
29
Evaluate (-8 - 25 - -71) + -71.
-33
Calculate 12 + -15 - -1 - -7 - 0 - 4.
1
Calculate -30 + (-21 + 61 - -9).
19
Evaluate -8 + (12 - 17) - (1 + -9).
-5
(-55 - -6 - -34) + -5
-20
What is -5 - -23 - (5 - (8 + -6))?
15
Evaluate (-1 + -6 - (22 - 21)) + 10.
2
What is 10 + (8 + -31 - -10)?
-3
Calculate ((-6 - -1) + -3 - 0) + 37 + -10.
19
What is -5 + -6 + 13 - (-5 - 6)?
13
Evaluate (-1 - ((-5 - -4) + 3)) + 1 + -2.
-4
What is -7 + (-19 - (-2 - 23))?
-1
What is (0 - 3) + -8 - -36 - 12?
13
What is the value of 13 + -9 - 29 - -9?
-16
Evaluate -19 - (-24 + 31 + -16).
-10
-2 - (0 + -7 - (-52 - -47))
0
15 + 2 + -4 + -16 + 11 - -3
11
What is 4 + 7 + 8 + -5?
14
What is the value of -14 + 3 - (-30 + 19 + 22 + -12)?
-10
What is the value of -1 + -12 - (-3 + 1) - (-9 + 5)?
-7
1 - ((20 - 41) + 2)
20
Evaluate 16 + 4 - (15 - 7).
12
What is -1 + 11 + 147 + -161?
-4
What is -37 + (20 + 1 + -16 - -10)?
-22
Evaluate -6 + -39 + 79 + -8 + 2.
28
5 - (3 + -2 + 5 + 4)
-5
(11 - -8 - (4 - -1)) + 2
16
What is 43 + 22 + -22 - 32?
11
Evaluate -23 - (-20 + 13) - (-1 + 5 + -9).
-11
What is -8 + 5 - -1 - 0 - (-99 + 65)?
32
What is (-1 + 0 - 13) + 13 - (-1 - 14)?
14
What is the value of (-13 - 0) + 2 + (668 - 689)?
-32
Evaluate 169 + -159 + -4 + -3.
3
What is (0 - -6) + -2 + 1 + -5 + 2?
2
Evaluate (-6 - (-18 + 0 - 0)) + 2.
14
9 - (-1 + (10 - -4))
-4
Calculate -6 + (-4 - (5 - 3)) - -4 - -20.
12
What is 14 - (-9 + 2 + 1 - -9 - -5)?
6
What is the value of (3 - -5) + (-1 - 12)?
-5
What is the value of 11 - (-1 + 8) - (10 - 8)?
2
Evaluate 8 + -3 - (-36 + 24 - -10).
7
(-13 - 3) + 18 + (-12 - 2)
-12
Calculate 2 - -6 - (48 - 37) - 10.
-13
-19 + 70 + -35 + 7
23
Evaluate -5 + (-4 - ((-3 - (-5 + 9)) + 11)).
-13
Calculate ((3 - 8) + 4 - 7) + 17 + -19.
-10
What is -9 + 17 + (8 + -3 - 8)?
5
Evaluate (-1 + -3 - 0) + 16.
12
What is the value of (11 - 4) + 9 + -39?
-23
What is 13 - (15 - (-3 + 10) - 5)?
10
What is 7 + 4 - (-1 + -7 + 13)?
6
What is -4 + -8 + 22 + (5 - (12 + -4))?
7
Evaluate (-14 - (-7 + 1)) + -6 - 5.
-19
-2 + 19 + -48 + (-1 - -4 - 2)
-30
What is (10 - 25) + 10 + -9?
-14
What is 0 - 8 - ((38 - 20) + -36)?
10
What is 26 - ((13 - 28) + 14)?
27
Evaluate (0 - -1) + 11 + (-1 - (-18 + 14)).
15
Calculate 149 - 178 - (-3 - -11 - 5).
-32
Evaluate -1 - -7 - (49 + -50 - (4 - 1)).
10
Calculate -7 - -14 - (4 - (13 + 8 + -13)).
11
-6 + (10 - 7) + -2 + 5
0
Evaluate 10 + 19 + -27 - (-1 + -2 + -4).
9
Calculate -5 + (16 - 9) - (0 - -5 - -4).
-7
What is 27 + 4 + -44 + 24?
11
Evaluate (-4 - ((-1 - 5) + -5)) + -2.
5
What is the value of -6 - (-27 + (-5 - -15)) - -1?
12
What is 14 + -19 + -2 + (0 - -4) + 0?
-3
What is -2 + -5 - (-9 + -1 + 7)?
-4
What is the value of -20 - (-12 + 10 - 5)?
-13
What is 7 - (-6 + (13 - 2))?
2
Evaluate 25 + -3 - 3 - (145 - 135).
9
0 - (-16 + 10 - (-6 + 3))
3
Calculate 34 - 14 - (9 - (4 + -6)).
9
(-11 - (9 - 28)) + (1 - 3) + -16
-10
What is 10 + (2 - (17 + -21))?
16
What is 0 + (-13 + 5 - -8) - 21?
-21
What is the value of -12 - -1 - (-98 - -79)?
8
What is -12 + 5 + 1 - (0 - 6)?
0
Evaluate (0 - (-5 + 9 - 16)) + (-17 - 5).
-10
10 - (-8 + -2 - (-8 - -1))
13
What is the value of -38 + (-13 - -29 - 9)?
-31
What is the value of -11 + (3 + 0 - (13 + -5))?
-16
What is the value of 8 + (31 - (53 + -15))?
1
What is 27 + -19 - -1 - (3 - 7)?
13
4 + (-11 - (-1 + (1 - (-6 - -3))))
-10
Evaluate (12 + -6 - 5) + 0 + -5 + -1.
-5
3 - (-7 + 0 - ((22 - 14) + -12))
6
Calculate (-35 - -70) + (44 - 42).
37
Evaluate 7 - (10 - (-1 - -1 - -8)).
5
What is 7 - ((0 - 9) + 154 + -142)?
4
Calculate (14 - 0) + (56 + -142 - -48).
-24
What is the value of 6 + (-17 + 8 - -3) + 0?
0
Evaluate 3 - 9 - (-1 + -12 + -1) - 34.
-26
What is the value of (467 - 454) + 0 + 1?
14
What is -4 + (1 + -3 - (11 + -5 + 2))?
-14
What is -30 + -13 - (-20 + 7 + 0)?
-30
-16 - (-20 + -15 + 12)
7
Calculate (-2 - -2) + 23 + (61 - 70).
14
Evaluate 8 + -16 - (-7 - (14 - -5)).
18
What is (12 - 15) + -3 - (-3 + 1 + 0)?
-4
What is the value of -3 + (1 - (2 + 7)) + 0?
-11
Evaluate -16 - (-27 + 11) - 13.
-13
What is (0 - 14) + (-1 - 1 - -14)?
-2
Calculate 0 + 12 + -15 + 18.
15
-2 + -18 + 8 - -17 - (1 + -2)
6
What is the value of -15 + 22 - (-5 - -1)?
11
Calculate -9 - (1 + -26 - -35).
-19
Calculate 63 + -42 - (6 + 1).
14
What is (-57 - -3) + 17 + (17 - 15)?
-35
-3 + (15 - -1) - 5 - -5
13
What is the value of -6 - (1 + (4 - 6 - 10)) - 8?
-3
What is 15 + -1 + 36 + -31?
19
Calculate (10 - (4 + -2))